hat is the greatest common divisor of 8883 and 26692428?
987
What is the greatest common factor of 15364020 and 84?
84
What is the greatest common divisor of 6 and 3526851?
3
Calculate the greatest common divisor of 1219475 and 950.
25
What is the highest common factor of 1088182 and 1565236?
3118
What is the highest common factor of 232162480 and 1320?
440
Calculate the greatest common factor of 17793730 and 115855.
3995
What is the highest common factor of 4517 and 50766563?
4517
Calculate the highest common divisor of 696 and 226519.
29
What is the highest common divisor of 16 and 9213640?
8
What is the greatest common divisor of 293436 and 41028?
156
Calculate the greatest common factor of 317616 and 375.
3
Calculate the greatest common factor of 12590249 and 28.
7
Calculate the highest common factor of 4554 and 14574318.
1518
What is the highest common divisor of 34261272 and 216?
216
What is the greatest common factor of 453878 and 211138?
458
Calculate the highest common divisor of 435996144 and 108.
36
What is the greatest common divisor of 7615737 and 37467?
207
What is the greatest common divisor of 23190076 and 1547?
91
Calculate the highest common factor of 240 and 7848885.
15
Calculate the greatest common divisor of 395182 and 1298.
118
Calculate the highest common factor of 109551 and 3044691.
2067
Calculate the highest common divisor of 7912 and 2766104.
344
What is the highest common factor of 925978284 and 11?
11
Calculate the highest common factor of 413916 and 126174.
102
Calculate the greatest common divisor of 290 and 96889.
29
Calculate the greatest common divisor of 83261 and 42673.
139
Calculate the greatest common divisor of 8 and 156708296.
8
What is the greatest common divisor of 11929 and 379279?
79
What is the greatest common factor of 11 and 736320893?
11
Calculate the highest common factor of 568 and 1023976768.
568
Calculate the highest common divisor of 233674047 and 410.
41
What is the greatest common factor of 25109 and 2618?
119
Calculate the greatest common divisor of 240445916 and 4.
4
What is the highest common factor of 11560 and 508853860?
5780
Calculate the greatest common factor of 13144 and 1968632.
424
What is the highest common divisor of 9826421 and 8756?
2189
Calculate the highest common factor of 18 and 324975666.
6
What is the highest common divisor of 9140087 and 132?
11
Calculate the highest common factor of 12500 and 962000.
500
What is the highest common divisor of 431348 and 274?
2
What is the highest common divisor of 47601 and 20167?
43
What is the highest common divisor of 308 and 412655320?
308
What is the greatest common divisor of 161622 and 693?
9
What is the greatest common divisor of 45 and 761355?
45
Calculate the greatest common divisor of 87117312 and 4644.
516
Calculate the highest common divisor of 399731 and 1.
1
What is the highest common divisor of 55 and 2118845?
5
What is the highest common divisor of 2527437565 and 415?
415
Calculate the highest common divisor of 3927 and 499268.
77
Calculate the greatest common divisor of 83693 and 3698621.
127
What is the greatest common divisor of 35825 and 16275?
25
Calculate the highest common factor of 2293000 and 17600.
200
Calculate the greatest common divisor of 4001 and 2045791320.
4001
What is the greatest common factor of 312271830 and 1170?
1170
What is the greatest common divisor of 92715 and 339906?
21
What is the greatest common factor of 244752 and 18657241?
5099
What is the greatest common factor of 2736 and 1695636?
684
Calculate the highest common divisor of 6605539 and 2572.
643
What is the highest common divisor of 5850 and 1582650?
450
Calculate the greatest common divisor of 1842588 and 512556.
1452
Calculate the greatest common factor of 2055 and 19839381.
411
What is the greatest common factor of 3902115 and 259?
7
Calculate the highest common divisor of 94465851 and 149.
149
Calculate the greatest common divisor of 18598720 and 66010.
1610
Calculate the greatest common factor of 13667536 and 8816.
304
What is the greatest common divisor of 1375638 and 99?
33
Calculate the greatest common divisor of 270 and 342711.
27
What is the highest common factor of 7458522 and 774?
258
What is the greatest common divisor of 673 and 114597767?
673
What is the highest common factor of 3267 and 2702943?
27
What is the greatest common divisor of 8047 and 2581657?
13
Calculate the greatest common divisor of 25474694 and 112.
14
What is the greatest common divisor of 2799604350 and 705?
705
Calculate the greatest common factor of 14 and 974766.
2
Calculate the highest common divisor of 3467525 and 169865.
265
What is the highest common divisor of 59464830 and 7860?
3930
What is the highest common factor of 2378 and 1789706?
58
Calculate the greatest common divisor of 6554 and 5619445478.
6554
Calculate the highest common factor of 26815 and 8227865.
155
What is the highest common factor of 1 and 1391090?
1
Calculate the greatest common divisor of 60 and 53410215.
15
Calculate the greatest common factor of 208615064 and 39746.
2338
Calculate the highest common divisor of 1160 and 4993974.
58
Calculate the highest common divisor of 45 and 288278115.
15
Calculate the greatest common factor of 1413 and 19843353.
9
What is the highest common divisor of 25160 and 986000?
680
What is the greatest common factor of 5771 and 14886792?
199
What is the greatest common divisor of 256 and 12789024?
32
What is the greatest common divisor of 64 and 14119008?
32
What is the greatest common factor of 3770868 and 876?
12
What is the highest common divisor of 1107048 and 17756?
772
What is the greatest common divisor of 33645257 and 214776?
2983
What is the highest common divisor of 2494 and 16094623?
29
Calculate the highest common divisor of 105 and 21699195.
105
What is the greatest common factor of 128 and 91903408?
16
What is the greatest common factor of 4 and 119667052?
4
What is the greatest common divisor of 25280 and 114550?
790
What is the highest common divisor of 162083990 and 920?
230
What is the greatest common factor of 25553754 and 510?
102
What is the highest common divisor of 136730 and 370?
10
Calculate the greatest common factor of 30012312 and 352.
88
What is the greatest common divisor of 39278529 and 342?
171
Calculate the greatest common divisor of 2478 and 5200968.
354
What is the highest common divisor of 47800808 and 57?
19
What is the greatest common factor of 82839 and 8745?
159
Calculate the greatest common factor of 3120 and 23176800.
240
What is the highest common factor of 14683839 and 397?
397
Calculate the highest common factor of 5152 and 21700.
28
What is the highest common factor of 60711272 and 23864?
1256
What is the greatest common factor of 660681670 and 11?
11
Calculate the highest common divisor of 912 and 123659049.
57
What is the greatest common divisor of 45 and 20854917?
9
What is the greatest common factor of 133988634 and 858?
78
Calculate the highest common factor of 834 and 777844.
278
Calculate the highest common divisor of 1641438 and 189.
27
Calculate the greatest common divisor of 10012 and 934575146.
5006
Calculate the highest common factor of 56112 and 1812.
12
What is the greatest common factor of 312 and 744978?
78
Calculate the greatest common factor of 1715686 and 103243.
343
What is the highest common divisor of 222532600 and 10?
10
What is the highest common factor of 1819452 and 12?
12
Calculate the greatest common factor of 31621364 and 155.
31
What is the greatest common divisor of 741762 and 83636?
406
What is the greatest common divisor of 6075 and 168775?
25
What is the highest common factor of 44601184 and 32?
32
What is the highest common factor of 52141 and 2865488?
2267
What is the greatest common divisor of 145505162 and 1936?
242
Calculate the greatest common divisor of 7991 and 37204.
131
What is the highest common divisor of 31 and 337639?
1
What is the highest common factor of 1426822 and 4?
2
Calculate the greatest common factor of 12127016 and 352.
88
Calculate the greatest common divisor of 144 and 727515.
9
What is the highest common divisor of 207794 and 457341?
971
What is the greatest common factor of 18522100 and 10?
10
What is the greatest common divisor 